{"batchcomplete":"","continue":{"lecontinue":"20250521175403|13","continue":"-||"},"query":{"logevents":[{"logid":23,"ns":8,"title":"MediaWiki:Group-user.css","pageid":22,"logpage":22,"revid":26,"params":{},"type":"create","action":"create","user":"Administracio","timestamp":"2025-05-21T18:18:16Z","comment":"Es crea la p\u00e0gina amb \u00ab/* El CSS d'aqu\u00ed nom\u00e9s afectar\u00e0 els usuaris registrats */  #mw-mf-main-menu-button { display:block !important; }\u00bb."},{"logid":22,"ns":8,"title":"MediaWiki:Group-sysop.css","pageid":21,"logpage":21,"revid":25,"params":{},"type":"create","action":"create","user":"Administracio","timestamp":"2025-05-21T18:18:02Z","comment":"Es crea la p\u00e0gina amb \u00ab/* El CSS d'aqu\u00ed nom\u00e9s afectar\u00e0 els sysops */  #mw-mf-main-menu-button { display:block !important; }\u00bb."},{"logid":21,"ns":8,"title":"MediaWiki:Common.css","pageid":20,"logpage":20,"revid":23,"params":{},"type":"create","action":"create","user":"Administracio","timestamp":"2025-05-21T18:01:29Z","comment":"Es crea la p\u00e0gina amb \u00ab/* Editeu aquest fitxer per personalitzar totes les aparences per al lloc sencer */  .last-modified-bar__text { display:none; }\u00bb."},{"logid":20,"ns":0,"title":"Portal","pageid":19,"logpage":19,"revid":21,"params":{},"type":"create","action":"create","user":"Administracio","timestamp":"2025-05-21T17:56:23Z","comment":"Es crea la p\u00e0gina amb \u00abhttps://www.figueres.social/Portal?action=edit Figueres \u00e9s una ciutat de la pen\u00ednsula Ib\u00e8rica, capital de la comarca de l'Alt Empord\u00e0 i principal nucli urb\u00e0, econ\u00f2mic i comercial de l'Empord\u00e0.  * [https://wikipedia.figueres.social/wiki/Figueres Article de l'Enciclop\u00e8dia] * [[Associacions de ve\u00efns]] * [[Entitats culturals i educatives]] * [[Entitats esportives i del lleure]] * [[Entitats socials i sanit\u00e0ries]]   Contacte com\u00fa|'''Demana el teu web o co...\u00bb."},{"logid":19,"ns":0,"title":"Associacions de ve\u00efns","pageid":18,"logpage":18,"revid":20,"params":{},"type":"create","action":"create","user":"Administracio","timestamp":"2025-05-21T17:56:06Z","comment":"Es crea la p\u00e0gina amb \u00ab* Federaci\u00f3 d'Associacions de ve\u00efns * Associaci\u00f3 de ve\u00efns del Poble Nou * Associaci\u00f3 de Ve\u00efns de la Marca de l'Ham * Associaci\u00f3 de Ve\u00efns Culubret i prol. Sant Marc * Associaci\u00f3 Ve\u00efns Rally Sud * Associaci\u00f3 de ve\u00efns Creu de la M\u00e0 * Assoc. de ve\u00efns Horta Capallera * Associaci\u00f3 de ve\u00efns Cendrassos * Associaci\u00f3 de ve\u00efns Junc\u00e0ria Parc Bosc * Associaci\u00f3 de ve\u00efns Horta de l'Hospital * Associaci\u00f3 de Ve\u00efns del Barri de la Pres\u00f3 * Federaci\u00f3 d'AAVV...\u00bb."},{"logid":18,"ns":0,"title":"Entitats culturals i educatives","pageid":17,"logpage":17,"revid":19,"params":{},"type":"create","action":"create","user":"Administracio","timestamp":"2025-05-21T17:55:53Z","comment":"Es crea la p\u00e0gina amb \u00ab* Coral Polif\u00f2nica de Figueres * Patronat de la Catequ\u00edstica * Foment de la Sardana Pep Ventura * IAEDEN * Joventuts Musicals de Figueres * Jove Orquestra de Figueres * Casino Menestral Figuerenc * Orquestra de Cambra de l'Empord\u00e0 * Societat Coral Erato * Agrupaci\u00f3 Sardanista Flor de Roman\u00ed * Cercle Sport Figuerenc * Societat Astron\u00f2mica de Figueres * Amics dels Gegants de Figueres * Colla Castellera de Figueres * Associaci\u00f3 Els Pastorets de Figueres * Cas...\u00bb."},{"logid":17,"ns":0,"title":"Entitats esportives i del lleure","pageid":16,"logpage":16,"revid":17,"params":{},"type":"create","action":"create","user":"Administracio","timestamp":"2025-05-21T17:55:24Z","comment":"Es crea la p\u00e0gina amb \u00ab* Club Nataci\u00f3 Figueres * Centre Recreatiu Empordan\u00e8s de Vilatenim * Penya Unionista Figueres * Fundaci\u00f3 Esportiva Figueres * Uni\u00f3 Esportiva Marca de l'Ham * Escola de Futbol la Salle Figueres * Club B\u00e0squet ADEPAF * Club Esportiu Juncaria * Club Atletisme Figueres * Club d'Escacs Figueres * Club Tennis Figueres * Centre de Lleure El Dof\u00ed * Agrupaci\u00f3 Escolta Xipres Al Vent * ACAPS Alt Empord\u00e0, Assoc. Catalana Amics del Poble Saharau\u00ed * Associaci\u00f3 Juveni...\u00bb."},{"logid":16,"ns":0,"title":"Entitats socials i sanit\u00e0ries","pageid":15,"logpage":15,"revid":15,"params":{},"type":"create","action":"create","user":"Administracio","timestamp":"2025-05-21T17:55:01Z","comment":"Es crea la p\u00e0gina amb \u00ab* Grup d'Empordanesos per la Solidaritat (GEES) * Casal d'Amistat Cubano Empordanes * Associaci\u00f3 Sociocultural Kawral Fuladu * Associaci\u00f3 AL-HIDAYA * Associaci\u00f3 de Gent Gran * Amnistia Internacional Alt Empord\u00e0 * Fundaci\u00f3 Oncolliga Girona - delegaci\u00f3 Figueres * ACSUR - Las Segovias * Grup de Dones de l'Alt Empord\u00e0 Gl\u00f2ria Compte * DNIGER - CAT * Associaci\u00f3 CORFI * Associaci\u00f3 Mussidal de l'Alt Empord\u00e0 * Associaci\u00f3 per la Formaci\u00f3 Cultural de la Gent Gr...\u00bb."},{"logid":15,"ns":0,"title":"Altres continguts","pageid":14,"logpage":14,"revid":14,"params":{},"type":"create","action":"create","user":"Administracio","timestamp":"2025-05-21T17:54:44Z","comment":"Es crea la p\u00e0gina amb \u00ab* [https://tramuntanatv.figueres.social/ Tramuntana TV] * [https://empordainfo.figueres.social/ Editoral Empord\u00e0] * [https://ajuntament.figueres.social/actualitat/noticies Ajuntament] * [https://icendrassos.figueres.social/noticies/ Institut Cendrassos] * [https://horanova.figueres.social/ Hora nova] * [https://casinomenestral.figueres.social/ca/activitats.html Casino menestral] * [https://lacate.figueres.social/historic-desdeveniments/ La Cate] * [https://iaede...\u00bb."},{"logid":14,"ns":0,"title":"/","pageid":13,"logpage":13,"revid":13,"params":{},"type":"create","action":"create","user":"Administracio","timestamp":"2025-05-21T17:54:20Z","comment":"Redirecci\u00f3 a [[Portal]]"}]}}

Es crea la pàgina amb «/* El CSS d'aquí només afectarà els usuaris registrats */  #mw-mf-main-menu-button { display:block !important; }».

Es crea la pàgina amb «/* El CSS d'aquí només afectarà els sysops */  #mw-mf-main-menu-button { display:block !important; }».

Es crea la pàgina amb «/* Editeu aquest fitxer per personalitzar totes les aparences per al lloc sencer */  .last-modified-bar__text { display:none; }».

Es crea la pàgina amb «https://www.figueres.social/Portal?action=edit Figueres és una ciutat de la península Ibèrica, capital de la comarca de l'Alt Empordà i principal nucli urbà, econòmic i comercial de l'Empordà.  * [https://wikipedia.figueres.social/wiki/Figueres Article de l'Enciclopèdia] * [[Associacions de veïns]] * [[Entitats culturals i educatives]] * [[Entitats esportives i del lleure]] * [[Entitats socials i sanitàries]]   Contacte comú|'''Demana el teu web o co...».

Associacions de veïns

Es crea la pàgina amb «* Federació d'Associacions de veïns * Associació de veïns del Poble Nou * Associació de Veïns de la Marca de l'Ham * Associació de Veïns Culubret i prol. Sant Marc * Associació Veïns Rally Sud * Associació de veïns Creu de la Mà * Assoc. de veïns Horta Capallera * Associació de veïns Cendrassos * Associació de veïns Juncària Parc Bosc * Associació de veïns Horta de l'Hospital * Associació de Veïns del Barri de la Presó * Federació d'AAVV...».

Es crea la pàgina amb «* Coral Polifònica de Figueres * Patronat de la Catequística * Foment de la Sardana Pep Ventura * IAEDEN * Joventuts Musicals de Figueres * Jove Orquestra de Figueres * Casino Menestral Figuerenc * Orquestra de Cambra de l'Empordà * Societat Coral Erato * Agrupació Sardanista Flor de Romaní * Cercle Sport Figuerenc * Societat Astronòmica de Figueres * Amics dels Gegants de Figueres * Colla Castellera de Figueres * Associació Els Pastorets de Figueres * Cas...».

Es crea la pàgina amb «* Club Natació Figueres * Centre Recreatiu Empordanès de Vilatenim * Penya Unionista Figueres * Fundació Esportiva Figueres * Unió Esportiva Marca de l'Ham * Escola de Futbol la Salle Figueres * Club Bàsquet ADEPAF * Club Esportiu Juncaria * Club Atletisme Figueres * Club d'Escacs Figueres * Club Tennis Figueres * Centre de Lleure El Dofí * Agrupació Escolta Xipres Al Vent * ACAPS Alt Empordà, Assoc. Catalana Amics del Poble Saharauí * Associació Juveni...».

Entitats socials i sanitàries

Es crea la pàgina amb «* Grup d'Empordanesos per la Solidaritat (GEES) * Casal d'Amistat Cubano Empordanes * Associació Sociocultural Kawral Fuladu * Associació AL-HIDAYA * Associació de Gent Gran * Amnistia Internacional Alt Empordà * Fundació Oncolliga Girona - delegació Figueres * ACSUR - Las Segovias * Grup de Dones de l'Alt Empordà Glòria Compte * DNIGER - CAT * Associació CORFI * Associació Mussidal de l'Alt Empordà * Associació per la Formació Cultural de la Gent Gr...».

Es crea la pàgina amb «* [https://tramuntanatv.figueres.social/ Tramuntana TV] * [https://empordainfo.figueres.social/ Editoral Empordà] * [https://ajuntament.figueres.social/actualitat/noticies Ajuntament] * [https://icendrassos.figueres.social/noticies/ Institut Cendrassos] * [https://horanova.figueres.social/ Hora nova] * [https://casinomenestral.figueres.social/ca/activitats.html Casino menestral] * [https://lacate.figueres.social/historic-desdeveniments/ La Cate] * [https://iaede...».

Redirecció a [[Portal]]
